vided by 236.
38
Calculate the remainder when 20638 is divided by 172.
170
What is the remainder when 58870 is divided by 5351?
9
Calculate the remainder when 5718 is divided by 901.
312
Calculate the remainder when 5111 is divided by 106.
23
What is the remainder when 35877 is divided by 112?
37
Calculate the remainder when 1491621 is divided by 18.
15
What is the remainder when 1864 is divided by 75?
64
Calculate the remainder when 6220 is divided by 5733.
487
Calculate the remainder when 374 is divided by 45.
14
Calculate the remainder when 173730 is divided by 21.
18
What is the remainder when 47201 is divided by 726?
11
What is the remainder when 3442737 is divided by 15?
12
What is the remainder when 20535 is divided by 5128?
23
Calculate the remainder when 46715 is divided by 366.
233
Calculate the remainder when 5118 is divided by 1264.
62
What is the remainder when 85543 is divided by 41?
17
What is the remainder when 22764 is divided by 1895?
24
Calculate the remainder when 46523 is divided by 122.
41
Calculate the remainder when 32838 is divided by 671.
630
What is the remainder when 738 is divided by 253?
232
Calculate the remainder when 277905 is divided by 5558.
5
What is the remainder when 4472 is divided by 26?
0
What is the remainder when 1849 is divided by 358?
59
What is the remainder when 1241 is divided by 403?
32
Calculate the remainder when 704047 is divided by 169.
162
What is the remainder when 2845 is divided by 1418?
9
Calculate the remainder when 9435 is divided by 349.
12
What is the remainder when 8406 is divided by 32?
22
What is the remainder when 41517 is divided by 989?
968
Calculate the remainder when 15243 is divided by 1270.
3
Calculate the remainder when 39826 is divided by 184.
82
Calculate the remainder when 2064 is divided by 614.
222
What is the remainder when 20146 is divided by 5002?
138
What is the remainder when 11320 is divided by 665?
15
Calculate the remainder when 749 is divided by 314.
121
What is the remainder when 13349 is divided by 50?
49
Calculate the remainder when 187414 is divided by 72.
70
What is the remainder when 12050 is divided by 2386?
120
What is the remainder when 11145 is divided by 5110?
925
Calculate the remainder when 7370 is divided by 7334.
36
Calculate the remainder when 50837 is divided by 60.
17
What is the remainder when 327876 is divided by 1075?
1
What is the remainder when 8391 is divided by 175?
166
Calculate the remainder when 16112 is divided by 128.
112
Calculate the remainder when 39976 is divided by 1893.
223
What is the remainder when 2413 is divided by 4?
1
Calculate the remainder when 927746 is divided by 74.
8
What is the remainder when 15771 is divided by 7861?
49
What is the remainder when 2196 is divided by 29?
21
Calculate the remainder when 3245 is divided by 714.
389
Calculate the remainder when 70526 is divided by 37.
4
Calculate the remainder when 4044 is divided by 136.
100
Calculate the remainder when 5971 is divided by 373.
3
What is the remainder when 50945 is divided by 421?
4
Calculate the remainder when 10255 is divided by 102.
55
What is the remainder when 398122 is divided by 482?
472
What is the remainder when 15398 is divided by 24?
14
What is the remainder when 332169 is divided by 38?
11
What is the remainder when 239132 is divided by 14?
12
Calculate the remainder when 318079 is divided by 17.
9
Calculate the remainder when 533 is divided by 227.
79
What is the remainder when 340515 is divided by 551?
548
Calculate the remainder when 20796 is divided by 20704.
92
Calculate the remainder when 4385 is divided by 397.
18
Calculate the remainder when 1262939 is divided by 40.
19
What is the remainder when 10711899 is divided by 547?
545
What is the remainder when 2624 is divided by 108?
32
What is the remainder when 90436 is divided by 30126?
58
Calculate the remainder when 4941 is divided by 49.
41
What is the remainder when 7655 is divided by 51?
5
Calculate the remainder when 1100 is divided by 259.
64
Calculate the remainder when 91710 is divided by 563.
504
Calculate the remainder when 40324 is divided by 22.
20
What is the remainder when 307621 is divided by 649?
644
What is the remainder when 1918 is divided by 225?
118
What is the remainder when 14526 is divided by 86?
78
Calculate the remainder when 7074 is divided by 813.
570
Calculate the remainder when 57403 is divided by 127.
126
What is the remainder when 1052 is divided by 326?
74
Calculate the remainder when 3801 is divided by 875.
301
Calculate the remainder when 2601852 is divided by 32.
28
Calculate the remainder when 54830 is divided by 18268.
26
What is the remainder when 9320 is divided by 294?
206
Calculate the remainder when 840 is divided by 381.
78
Calculate the remainder when 493 is divided by 187.
119
What is the remainder when 45272 is divided by 13?
6
Calculate the remainder when 132716 is divided by 56.
52
Calculate the remainder when 723 is divided by 56.
51
Calculate the remainder when 4090 is divided by 527.
401
Calculate the remainder when 8760 is divided by 199.
4
What is the remainder when 361684 is divided by 26?
24
What is the remainder when 3184 is divided by 1055?
19
Calculate the remainder when 10099 is divided by 1770.
1249
What is the remainder when 147861 is divided by 59?
7
What is the remainder when 25369 is divided by 12674?
21
Calculate the remainder when 3389 is divided by 484.
1
Calculate the remainder when 2520 is divided by 71.
35
What is the remainder when 12319 is divided by 2456?
39
Calculate the remainder when 197902 is divided by 478.
10
What is the remainder when 20383 is divided by 200?
183
What is the remainder when 337 is divided by 298?
39
What is the remainder when 2402217 is divided by 97?
12
What is the remainder when 144163 is divided by 23?
22
Calculate the remainder when 149296 is divided by 12.
4
Calculate the remainder when 46055 is divided by 5117.
2
Calculate the remainder when 988 is divided by 952.
36
What is the remainder when 5201 is divided by 577?
8
Calculate the remainder when 1287 is divided by 4.
3
What is the remainder when 127764 is divided by 63875?
14
Calculate the remainder when 752 is divided by 32.
16
What is the remainder when 329 is divided by 8?
1
What is the remainder when 46953 is divided by 443?
438
Calculate the remainder when 48775 is divided by 3.
1
What is the remainder when 318 is divided by 247?
71
What is the remainder when 264178 is divided by 510?
508
Calculate the remainder when 14550 is divided by 230.
60
What is the remainder when 20822 is divided by 71?
19
Calculate the remainder when 819 is divided by 12.
3
Calculate the remainder when 76844 is divided by 810.
704
Calculate the remainder when 159404 is divided by 972.
968
Calculate the remainder when 144684 is divided by 51.
48
What is the remainder when 13684 is divided by 161?
160
What is the remainder when 25054 is divided by 166?
154
What is the remainder when 1297 is divided by 81?
1
Calculate the remainder when 118767 is divided by 446.
131
Calculate the remainder when 18084 is divided by 8528.
1028
What is the remainder when 10523 is divided by 12?
11
What is the remainder when 145637 is divided by 29?
28
Calculate the remainder when 164999 is divided by 120.
119
Calculate the remainder when 9614 is divided by 191.
64
What is the remainder when 14294 is divided by 857?
582
What is the remainder when 35729 is divided by 95?
9
Calculate the remainder when 869129 is divided by 50.
29
Calculate the remainder when 26590 is divided by 8863.
1
Calculate the remainder when 13022 is divided by 1833.
191
Calculate the remainder when 149245 is divided by 91.
5
What is the remainder when 6380034 is divided by 5?
4
What is the remainder when 1031674 is divided by 894?
892
Calculate the remainder when 1150 is divided by 40.
30
What is the remainder when 25464 is divided by 274?
256
What is the remainder when 28601 is divided by 1783?
73
What is the remainder when 34929 is divided by 8731?
5
Calculate the remainder when 4125 is divided by 509.
53
Calculate the remainder when 957 is divided by 438.
81
What is the remainder when 9740 is divided by 52?
16
What is the remainder when 3216 is divided by 734?
280
Calculate the remainder wh